factor of 4806701?
False
Is 1491 a factor of 16785678?
True
Is 633094 a multiple of 47?
False
Is 23313 a multiple of 57?
True
Does 57 divide 231363?
True
Is 228 a factor of 770868?
True
Is 418043 a multiple of 13?
False
Is 135720 a multiple of 90?
True
Does 141 divide 2956488?
True
Is 11 a factor of 114219?
False
Is 15624 a multiple of 2?
True
Is 3474138 a multiple of 239?
False
Is 3 a factor of 5366?
False
Does 110 divide 1265770?
True
Is 789827 a multiple of 11?
False
Does 722 divide 7406515?
False
Is 130706 a multiple of 159?
False
Is 130 a factor of 2032416?
False
Does 100 divide 3553200?
True
Does 10 divide 793390?
True
Does 328 divide 1555010?
False
Is 11 a factor of 111595?
True
Does 67 divide 158991?
True
Is 24 a factor of 2940000?
True
Is 326417 a multiple of 42?
False
Is 11 a factor of 7130646?
False
Does 22 divide 359172?
True
Does 12 divide 2732052?
True
Is 527 a factor of 2364158?
False
Is 2562 a multiple of 3?
True
Is 113755 a multiple of 7?
False
Does 113 divide 303819?
False
Is 1994886 a multiple of 19?
True
Is 11956154 a multiple of 14?
True
Is 241 a factor of 223166?
True
Is 28 a factor of 169657?
False
Is 148777 a multiple of 83?
False
Is 308 a factor of 1085700?
True
Is 18097153 a multiple of 16?
False
Does 87 divide 38512210?
False
Is 369048 a multiple of 24?
True
Does 18 divide 51042?
False
Is 287 a factor of 63372?
False
Does 5 divide 1860914?
False
Does 22 divide 9416?
True
Does 136 divide 3438431?
False
Is 1222162 a multiple of 93?
False
Is 294 a factor of 2294376?
True
Is 10 a factor of 90050?
True
Is 572943 a multiple of 21?
True
Is 406934 a multiple of 349?
True
Is 180687 a multiple of 295?
False
Is 42 a factor of 9025117?
False
Is 391730 a multiple of 30?
False
Is 84 a factor of 91308?
True
Does 6 divide 1670460?
True
Is 38695 a multiple of 2?
False
Is 245 a factor of 184067?
False
Does 83 divide 1033682?
True
Is 57 a factor of 2117534?
False
Is 282553 a multiple of 43?
True
Is 34 a factor of 30934?
False
Is 743 a factor of 10540198?
True
Does 872 divide 4760871?
False
Is 24 a factor of 5512613?
False
Is 788371 a multiple of 151?
True
Is 676506 a multiple of 13?
False
Does 9 divide 1061123?
False
Does 39 divide 4444089?
True
Is 105 a factor of 1483335?
True
Is 1695504 a multiple of 137?
False
Is 5 a factor of 71870?
True
Is 357921 a multiple of 4?
False
Is 12822342 a multiple of 43?
True
Is 5 a factor of 201016?
False
Is 38 a factor of 6040736?
False
Does 15 divide 167455?
False
Is 49 a factor of 86428?
False
Is 157 a factor of 222783?
True
Does 433 divide 616675?
False
Does 173 divide 583875?
True
Is 9039 a multiple of 17?
False
Does 391 divide 1395870?
True
Is 45 a factor of 40815?
True
Does 614 divide 5363621?
False
Is 123237 a multiple of 260?
False
Is 454 a factor of 224730?
True
Is 4 a factor of 84037?
False
Does 13 divide 181168?
True
Is 8 a factor of 123441?
False
Is 1796114 a multiple of 103?
True
Is 16 a factor of 6435200?
True
Is 3 a factor of 14063?
False
Is 133 a factor of 4655?
True
Is 333 a factor of 9376732?
False
Is 31 a factor of 543512?
False
Is 229 a factor of 1718084?
False
Is 44381 a multiple of 228?
False
Is 7452 a multiple of 81?
True
Is 9 a factor of 1276664?
False
Is 519500 a multiple of 50?
True
Is 662564 a multiple of 14?
True
Is 662 a factor of 1383249?
False
Does 155 divide 1155781?
False
Is 11038914 a multiple of 542?
True
Does 4 divide 1914949?
False
Does 10 divide 675540?
True
Is 43 a factor of 56373?
True
Is 1281983 a multiple of 8?
False
Is 615730 a multiple of 338?
False
Does 120 divide 7892495?
False
Does 183 divide 375718?
False
Does 10 divide 352080?
True
Is 82 a factor of 5606258?
True
Is 120150 a multiple of 2?
True
Is 197 a factor of 22112?
False
Does 8 divide 8607204?
False
Does 101 divide 760050?
False
Is 22 a factor of 466840?
True
Is 102 a factor of 295720?
False
Is 433344 a multiple of 296?
True
Is 154 a factor of 929390?
True
Is 161331 a multiple of 74?
False
Does 902 divide 8510286?
False
Does 20 divide 2676920?
True
Does 59 divide 4536090?
False
Is 724 a factor of 21584153?
False
Does 930 divide 5334748?
False
Is 93 a factor of 118338?
False
Is 8134546 a multiple of 266?
True
Is 688766 a multiple of 118?
True
Does 23 divide 597448?
True
Does 10 divide 1699975?
False
Is 1726385 a multiple of 319?
False
Is 16364610 a multiple of 40?
False
Is 225160 a multiple of 104?
True
Is 67 a factor of 579349?
True
Does 11 divide 63553?
False
Is 472878 a multiple of 81?
True
Is 95 a factor of 25551960?
True
Is 2017110 a multiple of 373?
False
Is 1592395 a multiple of 35?
True
Does 667 divide 5325995?
True
Is 29 a factor of 369866?
True
Is 11889031 a multiple of 11?
True
Does 27 divide 144504?
True
Is 2507483 a multiple of 187?
True
Does 206 divide 77185?
False
Is 5 a factor of 74196?
False
Is 39638 a multiple of 8?
False
Does 4 divide 46667?
False
Is 21 a factor of 30849?
True
Is 439 a factor of 2998174?
False
Does 7 divide 838453?
True
Is 58 a factor of 87906?
False
Is 332472 a multiple of 12?
True
Is 531 a factor of 180009?
True
Is 58768 a multiple of 142?
False
Does 323 divide 5240029?
True
Is 34816 a multiple of 136?
True
Is 13 a factor of 248729?
True
Is 15 a factor of 194134?
False
Is 26010 a multiple of 170?
True
Is 333 a factor of 1161171?
True
Is 253 a factor of 239338?
True
Does 110 divide 345730?
True
Is 440591 a multiple of 80?
False
Does 23 divide 251335?
False
Does 77 divide 5664?
False
Is 1199274 a multiple of 606?
True
Is 221582 a multiple of 46?
True
Is 158522 a multiple of 13?
True
Is 192 a factor of 29376?
True
Is 2112 a multiple of 88?
True
Is 80 a factor of 347680?
True
Is 39 a factor of 8574319?
False
Does 15 divide 8123?
False
Is 72 a factor of 257917?
False
Does 59 divide 45548?
True
Is 149780 a multiple of 7?
False
Is 10 a factor of 634099?
False
Does 9 divide 110277?
True
Does 22 divide 9758149?
False
Is 4795232 a multiple of 303?
False
Is 36 a factor of 75672?
True
Is 2991685 a multiple of 593?
True
Is 438 a factor of 3103769?
False
Is 369 a factor of 707188?
False
Is 74868 a multiple of 17?
True
Is 3042910 a multiple of 13?
True
Is 51129 a multiple of 9?
True
Is 69 a factor of 660606?
True
Does 468 divide 536839?
False
Is 89323 a multiple of 9?
False
Does 4 divide 49153?
False
Is 25 a factor of 253876?
False
Is 11359740 a multiple of 903?
True
Is 281112 a multiple of 159?
True
Does 42 divide 7096719?
False
Does 92 divide 13835152?
False
Is 216 a factor of 24763641?
False
Is 140 a factor of 669620?
True
Does 22 divide 5138408?
True
Is 5265350 a multiple of 79?
True
Is 61 a factor of 421998?
True
Is 267750 a multiple of 255?
True
Is 5173356 a multiple of 236?
True
Is 2396287 a multiple of 613?
False
Does 15 divide 530882?
False
Is 7 a factor of 489237?
True
Is 56 a factor of 2913430?
False
Does 12 divide 6868044?
True
Is 1587355 a multiple of 589?
True
Is 12 a factor of 23760?
True
Does 823 divide 1946395?
True
Does 151 divide 690361?
False
Does 37 divide 113923?
True
Does 467 divide 214246?
False
Is 70 a factor of 8290730?
True
Does 11 divide 360305?
True
Does 55 divide 98615?
True
Is 433628 a multiple of 23?
False
Does 17 divide 172448?
True
Is 8 a factor of 20090006?
False
Does 1755 divide 12008424?
False
Is 55 a factor of 487080?
True
Is 297 a factor of 1522125?
True
Is 47 a factor of 505397?
False
Does 94 divide 742412?
True
Is 56273 a multiple of 615?
False
Does 380 divide 3642355?
False
Is 216270 a multiple of 486?
True
Is 113 a factor of 4432106?
False
Is 468179 a multiple of 39?
False
Is 2218930 even?
True
Is 3 a factor of 752652?
True
Is 176893 a multiple of 106?
False
Is 529057 a multiple of 17?
True
Is 217336 a multiple of 309?
False
Does 381 divide 4519803?
True
Is 15 a factor of 7791025?
False
Is 158 a factor of 3007664?
False
Is 1352298 a multiple of 50?
False
Does 20 divide 201240?
True
Does 941 divide 343465?
True
Is 600 a factor of 288000?
True
Is 4479697 a multiple of 200?
False
Does 221 divide 67167?
False
Is 6 a factor of 251496?
True
Is 12 a factor of 780861?
False
Is 5 a factor of 451005?
True
Does 48 divide 842112?
True
Is 32480 a multiple of 40?
True
Is 78 a factor of 1917155?
False
Is 21912464 a multiple of 16?
True
Does 54 divide 85590?
True
Is 33 a factor of 94868?
False
Does 38 divide 78432?
True
Is 374 a factor of 194480